False
Is 17669916 a multiple of 22?
True
Is 2123 a factor of 1179610982?
True
Does 994 divide 37760072?
True
Is 79 a factor of 6736093?
True
Is 231 a factor of 2488511?
False
Is 8041843 a multiple of 6?
False
Is 102 a factor of 3201168?
True
Is 46 a factor of 54949852?
True
Does 4320 divide 1219177440?
True
Is 12 a factor of 15217706?
False
Is 9 a factor of 499096847?
False
Is 6494 a factor of 1295955560?
False
Does 6 divide 342239454?
True
Is 170 a factor of 21910620?
True
Is 104 a factor of 2205668577?
False
Is 222 a factor of 95620506?
True
Is 297 a factor of 7019892?
True
Is 1078442272 a multiple of 32?
True
Does 8 divide 99074696?
True
Is 4778178521 a multiple of 11?
False
Is 91528395 a multiple of 2515?
True
Is 93233756 a multiple of 7?
True
Does 10 divide 981348?
False
Is 4307497 a multiple of 24?
False
Is 374212768 a multiple of 902?
False
Is 2870 a factor of 235423230?
True
Is 10 a factor of 561553500?
True
Is 414 a factor of 100283634?
True
Does 159 divide 468668241?
True
Is 200387088 a multiple of 36?
True
Is 39374652 a multiple of 1124?
False
Is 38 a factor of 15452210?
False
Is 289 a factor of 27947599?
False
Does 48 divide 710709637?
False
Is 84100097 a multiple of 445?
False
Does 2610 divide 31995145?
False
Is 3998808 a multiple of 1782?
True
Is 16123193 a multiple of 121?
False
Is 2820 a factor of 73503300?
True
Is 1434 a factor of 14805074?
False
Does 1384 divide 23262272?
True
Is 30 a factor of 4501029?
False
Does 772 divide 231975964?
True
Is 1459 a factor of 49618750?
False
Is 56001528 a multiple of 132?
True
Is 33 a factor of 197882025?
True
Is 115 a factor of 24147240?
True
Is 1335 a factor of 85320206?
False
Is 23 a factor of 8102831?
True
Is 613776024 a multiple of 153?
True
Is 555 a factor of 116256405?
True
Is 670412094 a multiple of 66?
True
Is 206563271 a multiple of 28?
False
Is 21851230 a multiple of 99?
False
Is 2030 a factor of 1693860420?
True
Is 1010 a factor of 419695970?
False
Does 1893 divide 546634038?
True
Is 346134480 a multiple of 60?
True
Is 9125889 a multiple of 439?
False
Is 92461220 a multiple of 188?
True
Is 570820417 a multiple of 992?
False
Is 24712182 a multiple of 11?
True
Is 765782128 a multiple of 536?
True
Is 30 a factor of 267436676?
False
Is 333784197 a multiple of 5663?
False
Does 4447 divide 1357242188?
True
Does 28 divide 24826992?
False
Is 16714032 a multiple of 547?
False
Is 1479135873 a multiple of 19?
False
Does 256 divide 147041821?
False
Is 1129 a factor of 2283273794?
True
Does 7 divide 15107218?
True
Is 64166905 a multiple of 605?
True
Does 13 divide 322378695?
False
Does 156 divide 3762484?
False
Is 35 a factor of 624605194?
False
Is 32444464 a multiple of 52?
True
Does 671 divide 1255371887?
True
Is 3085806878 a multiple of 526?
True
Is 598042954 a multiple of 5?
False
Does 174 divide 23016134?
False
Is 55 a factor of 1709839395?
True
Is 71762064 a multiple of 221?
False
Is 16 a factor of 491236069?
False
Is 44 a factor of 1013914606?
False
Is 14 a factor of 174065178?
True
Is 148831158 a multiple of 354?
True
Is 4 a factor of 377983100?
True
Does 80 divide 68126619?
False
Is 15146544 a multiple of 3?
True
Is 162528717 a multiple of 39?
True
Is 3599407462 a multiple of 4925?
False
Does 56 divide 523100330?
False
Is 3239728392 a multiple of 24?
True
Does 11 divide 2406663456?
False
Is 1123 a factor of 70269702?
False
Does 4859 divide 82214280?
True
Does 11 divide 499172837?
False
Does 19 divide 3515897790?
False
Does 11 divide 1281875441?
True
Is 52395712 a multiple of 133?
False
Is 108 a factor of 37517040?
True
Is 64 a factor of 1292878400?
True
Is 12 a factor of 347087544?
True
Is 22458252 a multiple of 579?
True
Is 4 a factor of 9065170?
False
Is 58 a factor of 23392149?
False
Is 377 a factor of 39720720?
True
Does 26 divide 15655996?
False
Is 13 a factor of 3435037502?
True
Is 1894 a factor of 34052543?
False
Does 15 divide 23852325?
True
Is 489 a factor of 1279922781?
True
Is 60916384 a multiple of 1712?
True
Is 68447213 a multiple of 13?
False
Is 187148104 a multiple of 286?
True
Is 1323 a factor of 14993559?
True
Is 1089943270 a multiple of 134?
True
Is 72805672 a multiple of 568?
True
Is 8 a factor of 161413673?
False
Does 20 divide 171527807?
False
Is 3601229806 a multiple of 175?
False
Is 5 a factor of 24339670?
True
Is 51 a factor of 146327320?
False
Is 551 a factor of 20396296?
False
Does 8 divide 1608797828?
False
Does 66 divide 190314817?
False
Is 13881528 a multiple of 72?
True
Is 52 a factor of 1034748?
True
Is 9 a factor of 89249481?
True
Does 271 divide 73481379?
True
Is 123454989 a multiple of 21?
True
Is 1047167991 a multiple of 15?
False
Does 223 divide 109088924?
True
Is 2356542236 a multiple of 694?
True
Does 7 divide 4162683?
True
Does 674 divide 5472880?
True
Is 2670077016 a multiple of 641?
False
Is 59360896 a multiple of 13?
False
Is 81909685 a multiple of 1157?
False
Is 24 a factor of 11986296?
True
Is 2048311044 a multiple of 468?
True
Is 9 a factor of 9492786?
True
Is 186315520 a multiple of 10?
True
Is 108 a factor of 150961212?
True
Is 5 a factor of 6768275?
True
Is 586574892 a multiple of 13?
False
Is 59465108 a multiple of 743?
False
Is 225944526 a multiple of 266?
False
Is 4545 a factor of 495305010?
True
Is 467 a factor of 102147955?
False
Is 417 a factor of 19381743?
True
Is 40 a factor of 51359480?
True
Does 3 divide 14084171?
False
Is 22 a factor of 123022051?
False
Is 201749100 a multiple of 700?
True
Does 202 divide 38213552?
True
Is 251031384 a multiple of 153?
True
Does 855 divide 346655475?
True
Is 487 a factor of 23048249?
True
Is 6797 a factor of 4943396927?
True
Does 34 divide 22127274?
False
Does 491 divide 221704667?
True
Does 4 divide 132407050?
False
Is 24768302 a multiple of 127?
True
Is 501554711 a multiple of 31?
False
Does 250 divide 92493000?
True
Is 24 a factor of 25079544?
True
Does 216 divide 90267947?
False
Is 456211080 a multiple of 117?
True
Is 342 a factor of 439567128?
True
Is 15 a factor of 16769760?
True
Does 3 divide 39207613?
False
Does 1647 divide 43554915?
True
Does 12 divide 2790833112?
True
Is 1726357566 a multiple of 5717?
False
Is 417997851 a multiple of 622?
False
Is 7569114 a multiple of 7?
True
Is 2097 a factor of 1466465652?
True
Is 1936863521 a multiple of 41?
False
Is 74 a factor of 5906236?
True
Is 153083928 a multiple of 212?
True
Does 413 divide 89345942?
True
Does 3157 divide 83594203?
True
Does 8 divide 4464339?
False
Does 115 divide 3924781525?
True
Does 105 divide 761236875?
True
Does 56 divide 2196317928?
True
Does 52 divide 1893532385?
False
Is 157 a factor of 106992490?
False
Is 1943864704 a multiple of 2896?
True
Is 7926681 a multiple of 11?
False
Does 835 divide 421671246?
False
Is 441 a factor of 27411284?
False
Does 84 divide 77661911?
False
Does 1413 divide 17450550?
True
Is 4 a factor of 5144662?
False
Does 34 divide 23910500?
True
Does 52 divide 97512480?
True
Is 2 a factor of 12886604?
True
Is 313747703 a multiple of 1663?
False
Is 6731109 a multiple of 2255?
False
Does 481 divide 12432644?
False
Is 60 a factor of 35033971?
False
Is 66327273 a multiple of 10?
False
Is 272715395 even?
False
Is 2144 a factor of 3052454519?
False
Is 291260324 a multiple of 5233?
False
Is 12866962 a multiple of 350?
False
Is 18402786 a multiple of 39?
False
Is 3 a factor of 1738144?
False
Does 33 divide 28818895?
False
Is 463 a factor of 85481838?
True
Is 12449776 a multiple of 233?
False
Is 272 a factor of 2331780928?
True
Is 150 a factor of 8512500?
True
Is 429 a factor of 8753745?
True
Does 322 divide 600355?
False
Is 348565911 a multiple of 1089?
False
Is 6 a factor of 51546984?
True
Is 51556580 a multiple of 260?
False
Is 26 a factor of 17913212?
False
Is 216 a factor of 237632789?
False
Does 1362 divide 221303208?
True
Does 360 divide 35482439?
False
Does 111 divide 3958524083?
False
Is 6347105 a multiple of 357?
False
Is 12668672 a multiple of 34?
True
Is 128 a factor of 20181105?
False
Is 63 a factor of 215896527?
True
Does 72 divide 4126828?
False
Does 4 divide 291439882?
False
Does 67 divide 17716810?
True
Is 28155586 a multiple of 2?
True
Does 622 divide 110693587?
False
Is 107 a factor of 4875669?
True
Is 143976237 a multiple of 886?
False
Does 1709 divide 146616819?
True
Is 170402364